*2 + 122*k + 44. Give p(61).
44
Let s(w) = 2*w**2 + 8*w + 88. Calculate s(-6).
112
Let q(g) = -24*g + 690. Calculate q(26).
66
Let h(l) = -264*l - 1854. Calculate h(-7).
-6
Let r(y) = -y**3 + 10*y**2 - 6*y - 10. Give r(9).
17
Let m(q) = 8*q**2 - 1749*q + 3491. Calculate m(2).
25
Let d(l) = -l**2 - 51*l - 556. Determine d(-16).
4
Let n(t) = -t**3 - 13*t**2 - 47*t - 28. What is n(-7)?
7
Let d(k) = -13*k - 224. What is d(-20)?
36
Let s(w) = w**2 + 28*w + 191. Calculate s(-18).
11
Let t(r) = 6253*r - 100056. Give t(16).
-8
Let c(a) = 8*a**2 + 251*a + 1530. Give c(-23).
-11
Let v(i) = 4073*i - 256603. Give v(63).
-4
Let y(g) = -18*g**2 - 214*g - 170. What is y(-11)?
6
Let n(y) = -2*y**3 - 5*y**2 + 35*y - 47. Give n(2).
-13
Let i(n) = n**3 + 10*n**2 - 48*n - 584. Calculate i(-9).
-71
Let v(d) = -d**3 + 28*d**2 - 178*d + 656. Give v(21).
5
Let d(o) = -106*o + 158. Calculate d(2).
-54
Let g(c) = -132*c - 1943. What is g(-17)?
301
Let w(f) = 88*f + 5. Calculate w(-3).
-259
Let z(b) = -60*b**2 + 301*b + 6. Give z(5).
11
Let h(v) = 6*v**2 - 102*v + 328. Calculate h(4).
16
Let v(m) = 2*m**2 - 36*m + 419. Calculate v(11).
265
Let v(r) = -3533*r + 60091. Determine v(17).
30
Let w(s) = -7*s**2 - 24*s - 16. Determine w(-3).
-7
Let r(g) = -319*g + 948. Give r(3).
-9
Let d(t) = -292*t + 625. What is d(2)?
41
Let v(d) = d**3 + 16*d**2 - 37*d + 384. Determine v(-19).
4
Let o(n) = 9000*n + 63015. Give o(-7).
15
Let b(y) = 302*y - 48001. Determine b(159).
17
Let l(y) = y**3 - 11*y**2 + 11*y - 26. Determine l(9).
-89
Let k(c) = -c**3 - 14*c**2 - 6*c - 41. Calculate k(-13).
-132
Let x(d) = -d**2 - 5*d + 402. What is x(-23)?
-12
Let o(z) = 89*z + 1429. Determine o(-15).
94
Let d(j) = -4*j**2 - 35*j + 205. Determine d(-16).
-259
Let d(r) = r**3 + 36*r**2 + 319*r - 91. Determine d(-17).
-23
Let s(o) = -8*o + 235. Calculate s(-37).
531
Let t(d) = -73*d + 555. Determine t(7).
44
Let n(k) = -6*k**3 - 2*k**2 + 6*k - 6. Calculate n(-2).
22
Let c(f) = -f**3 + 8*f**2 + 8*f + 3. Give c(9).
-6
Let s(o) = o**3 - 69*o**2 - 69*o - 77. Give s(70).
-7
Let f(u) = 15*u**2 + 525*u - 14. Determine f(-35).
-14
Let g(l) = -37*l + 146. Calculate g(7).
-113
Let n(p) = 106*p - 1923. Calculate n(18).
-15
Let i(o) = -o**2 - 2*o + 75. Calculate i(8).
-5
Let h(u) = -904*u + 131987. What is h(146)?
3
Let k(j) = -23*j - 84. What is k(-30)?
606
Let u(b) = -5*b - 255. Determine u(-39).
-60
Let w(t) = t**2 - 39*t - 8. Determine w(-3).
118
Let y(p) = 486*p - 1455. Determine y(3).
3
Let l(v) = 123*v - 2587. What is l(21)?
-4
Let v(h) = 4*h**2 - 150*h - 67. Calculate v(38).
9
Let x(k) = 12*k - 420. Give x(28).
-84
Let k(o) = -35*o - 58. Calculate k(6).
-268
Let p(x) = -x**3 - 31*x**2 - 29*x + 50. Calculate p(-30).
20
Let s(c) = c**2 + 35*c - 13. Calculate s(0).
-13
Let m(r) = -19*r**3 - 4*r + 5. Determine m(1).
-18
Let i(p) = 130*p - 12737. Give i(98).
3
Let m(v) = 48*v + 4518. Calculate m(-97).
-138
Let x(r) = 4*r**2 - 66*r + 171. Calculate x(20).
451
Let h(a) = -a**3 + 21*a**2 + 318*a + 71. Give h(-10).
-9
Let z(i) = i**2 + 681*i + 22603. Give z(-35).
-7
Let a(h) = -h**2 + 45*h + 1390. What is a(66)?
4
Let v(b) = 109*b - 706. Determine v(6).
-52
Let b(a) = -100*a + 1130. Give b(11).
30
Let h(s) = 14880*s - 14882. Calculate h(1).
-2
Let u(v) = -24*v + 12. Determine u(-1).
36
Let l(b) = 302*b - 3029. What is l(10)?
-9
Let l(w) = -2*w**3 - 113*w**2 - 38*w + 998. Calculate l(-56).
-10
Let j(k) = k**3 - 54*k**2 + 727*k + 62. Determine j(27).
8
Let q(t) = 551*t - 25904. Give q(47).
-7
Let g(v) = 11*v + 397. Calculate g(-6).
331
Let l(a) = 116*a + 5. Determine l(0).
5
Let d(f) = 2*f**3 - 215*f**2 + 106*f + 145. Calculate d(107).
38
Let w(z) = 340*z + 47600. Determine w(-140).
0
Let k(s) = s**2 - 1877*s - 3761. Determine k(-2).
-3
Let x(q) = 3*q**2 + 116*q - 163. Calculate x(-40).
-3
Let n(w) = -25*w**2 + 3*w - 3. Calculate n(1).
-25
Let v(r) = r**2 - 278*r + 19031. Calculate v(156).
-1
Let b(x) = x**2 - 29*x + 46. Calculate b(9).
-134
Let y(j) = 2*j**2 - 32*j - 61. What is y(-2)?
11
Let g(y) = 4*y**3 + 7*y**2 - 3*y + 4. Calculate g(-4).
-128
Let b(q) = -603*q - 70. What is b(-1)?
533
Let o(z) = -13164*z + 289604. Calculate o(22).
-4
Let i(o) = 2*o**3 - o**2 - 9*o + 46. What is i(0)?
46
Let k(o) = 2*o**2 + 26*o - 87. Give k(-13).
-87
Let m(l) = l**3 - 116*l**2 + 451*l - 377. Determine m(112).
-41
Let l(i) = -i**3 + 20*i**2 + 36*i - 302. What is l(21)?
13
Let z(q) = 51*q**3 + 315*q**2 - 315*q. Determine z(1).
51
Let v(g) = -5*g + 337. What is v(33)?
172
Let q(y) = -33*y + 17. Determine q(0).
17
Let a(g) = 100*g - 88. Calculate a(0).
-88
Let z(w) = -2*w**3 - 299*w**2 - 1722*w - 1. Give z(-6).
-1
Let s(c) = c**3 - 13*c**2 + 7*c + 181. Give s(11).
16
Let p(u) = -10*u**3 + 60*u**2 - 7*u + 15. Determine p(6).
-27
Let j(v) = -v**2 - 56*v + 254. Give j(0).
254
Let q(c) = -2*c**2 + 848*c - 3355. What is q(4)?
5
Let c(j) = -j**2 - 29*j - 54. Give c(-8).
114
Let l(p) = p**3 - 9*p**2 - 742*p + 5915. What is l(8)?
-85
Let q(o) = -o**3 - 4*o**2 - 9. Calculate q(0).
-9
Let o(k) = 2*k**2 + 39*k - 59. Give o(-24).
157
Let r(x) = -2*x**2 + 13*x + 96. Calculate r(-5).
-19
Let b(j) = j**3 + 14*j**2 - 18*j - 60. What is b(-15)?
-15
Let a(l) = 130*l + 30. Determine a(-2).
-230
Let b(l) = 21*l**2 + 10*l - 30. What is b(3)?
189
Let r(g) = 145*g + 426. Calculate r(-3).
-9
Let a(u) = u**2 - 15*u + 9. What is a(-4)?
85
Let x(f) = f**3 + 24*f**2 - 103*f - 586. Give x(-27).
8
Let z(m) = m**2 + 87*m + 647. What is z(-79)?
15
Let q(i) = -373*i + 86535. Calculate q(232).
-1
Let n(u) = -4*u**2 + 73*u + 63. Determine n(19).
6
Let u(z) = 5*z**3 - z**2 - 6*z - 5. What is u(-2)?
-37
Let g(k) = -3*k**2 + 83*k + 4521. Give g(55).
11
Let c(a) = -2*a**3 + 22*a**2 + 32*a - 25. What is c(12)?
71
Let c(o) = -o**3 - 23*o**2 - 63*o - 918. Determine c(-22).
-16
Let x(m) = -3*m**3 + 90*m**2 - 12*m - 25. Give x(30).
-385
Let k(q) = -651*q + 33206. Determine k(51).
5
Let w(a) = 400*a - 5119. Determine w(13).
81
Let q(p) = 2*p**3 + 21*p**2 + 43*p - 109. Determine q(-6).
-43
Let j(n) = -29*n**3 + n**2 + 20*n - 22. Calculate j(1).
-30
Let p(i) = 2*i**3 - 123*i**2 + 176*i + 240. What is p(60)?
0
Let l(t) = -516*t - 2498. Give l(-5).
82
Let g(n) = -1027*n**2 + 8215*n + 10. Give g(8).
2
Let b(k) = -30*k - 233. Determine b(8).
-473
Let h(y) = 35*y + 305. What is h(2)?
375
Let a(x) = 2*x**3 - 6*x**2 + 4*x + 26. Calculate a(-4).
-214
Let c(i) = i**2 + 10*i - 155. Give c(-18).
-11
Let o(i) = -i**3 + 20*i**2 + 154*i + 59. What is o(26)?
7
Let v(s) = -2*s**2 + 138*s + 283. What is v(-2)?
-1
Let q(i) = 232*i - 1344. Give q(6).
48
Let d(c) = -c**3 - 36*c**2 + 38*c. What is d(-37)?
-37
Let u(z) = -7*z**2 + 80*z + 15. Give u(12).
-33
Let n(q) = 4*q + 40. Determine n(19).
116
Let q(r) = -r**2 - 3045*r - 10. Give q(0).
-10
Let q(b) = -223*b + 13814. Determine q(62).
-12
Let b(o) = 6*o**2 + 32*o + 33. Give b(-1).
7
Let g(k) = -4*k - 2. Calculate g(0).
-2
Let n(a) = a**3 - 17*a**2 - 64*a - 1011. Determine n(22).
1
Let s(g) = 2*g**3 + 32*g**2 - 2*g - 48. Calculate s(-16).
-16
Let k(i) = 3*i - 36. Give k(16).
12
Let m(p) = -1451*p - 4345. Determine m(-3).
8
Let d(p) = 244*p + 2432. Determine d(-10).
-8
Let c(z) = -z**2 - 28*z + 197. Give c(-32).
69
Let v(x) = -x**2 + 142*x - 1206. Calculate v(9).
-9
Let y(z) = -z**2 + 23*z - 526. Give y(13).
-396
Let b(d) = 1186*d + 320. Determine b(0).
320
Let f(c) = -7*c**3 - 3*c**2 - 10*c + 12. Determine f(1).
-8
Let t(w) = w**3 + 32*w**2 - 79*w - 2380. Give t(-32).
148
Let s(a) = -a**2 + 1653*a - 14806. Determine s(9).
-10
Let u(b) = 3*b + 82. Determine u(-21).
19
Let y(l) = -2*l**3 + 237*l**2 + 193*l - 8805. Calculate y(119).
1
Let h(t) = 2*t**3 + 100*t**2 - 101*t + 57. What is h(-51)?
6
Let t(j) = 62*j - 3477. What is t(56)?
-5
Let g(n) = n**2 + 25*n + 20. Determine g(-14).
-134
Let u(l) = l**2 - 46*l + 408. Calculate u(12).
0
Let t(v) = v**2 + 18*v - 438. Calculate t(13).
-35
Let r(w) = 8*w**2 - 328*w - 24. Give r(41).
-24
Let c(q) = 2*q**2 - 155*q + 1904. Determine c(13).
227
Let c(m) = -8*m + 21. Calculate c(0).
21
Let g(p) = p**2 + 143*p - 1156. What is g(-150)?
-106
Let y(z) = z**3 + 44*z**2 + 128*z + 202. Calculate y(-41).
-3
Let x(i) = -i**3 - 71*i**2 - 65*i + 358. Calculate x(-70).
8
Let j(a) = 350*a + 1043. What is j(-4)?
-357
